 the units digit of r?
4
Let x(p) = -2*p**2 + 58*p + 33. What is the units digit of x(20)?
3
Let k(h) = -h**2 - 30*h - 19. What is the hundreds digit of k(-14)?
2
Let l be (6*(3 + -4))/((-4)/24). Suppose 2*c = -5*n + 333, 3*c + 349 - l = 5*n. What is the units digit of n?
5
Let n be 2 + 2 + -5 + 4. Suppose 365 = n*d + 2*d. What is the units digit of d?
3
Let o = 25 - 16. Let b = 34 + -24. Let q = b - o. What is the units digit of q?
1
Suppose 0 = -26*v + 16*v + 1340. What is the units digit of v?
4
Suppose -5*i + 5 = 0, -2*o + o + 2*i = -1029. What is the units digit of o?
1
Let y = 12 + -19. Let o(w) = 3*w + 24. Let v be o(y). Suppose -f + 52 = v. What is the units digit of f?
9
Suppose -47 + 3303 = 8*w. What is the units digit of w?
7
Let k(a) = a**3 - 10*a**2 + 23*a - 12. Let x be k(7). What is the units digit of 82/x*(-24)/(-8)?
3
Let j(w) = 9*w**2 + 4*w + 14. Let x(r) = -r - 17. Let f be x(-13). What is the units digit of j(f)?
2
Let s(v) = 52*v**2 + v - 2. Suppose -4 - 5 = -9*b. What is the units digit of s(b)?
1
Suppose -4*a = -5*o - 3299, 2*a + o = 6*o + 1657. What is the tens digit of a?
2
Suppose -388 = -6*k - 28. Suppose 7*a - k = 6*a. What is the tens digit of a?
6
Let d(r) = -26*r + 5. Let z be d(-10). Suppose 5*s + 5*w = z, 5*w + 212 = 4*s + w. What is the tens digit of s?
5
Let p(r) = r - 5. Let v be p(-9). Let k(h) = h**2 + 12*h - 4. What is the tens digit of k(v)?
2
Let h(c) = -c**2 + 8*c - 3. Let z be h(7). Suppose 3*l = 4*v + 164, -9*l + v = -z*l - 245. What is the units digit of l?
8
Suppose -36*m = -33644 + 2036. What is the tens digit of m?
7
Suppose -2*c - 3*c + 150 = 0. Suppose 3*a - c = 3. Suppose 0 = k + 3*m - a, -2*k = -m - 6 - 44. What is the units digit of k?
3
Suppose -2*w = 5*k - k - 192, -w + k = -90. Suppose w*j - 90*j = 256. What is the units digit of j?
8
Suppose -7*f + 4*u = -5*f - 3390, 3*f - 5086 = 5*u. What is the units digit of f?
7
Let w = 95 + -87. Suppose w*c = -0*c + 896. What is the tens digit of c?
1
Suppose -20*b + 6*b + 43680 = 0. What is the tens digit of b?
2
Suppose -2*i + 9 = 17, -2*v + 28 = -5*i. Suppose -g + 4*j = -6*g + 189, -221 = -5*g + v*j. What is the units digit of g?
1
Suppose -3*r = -6*r - 2*c + 50, -r = 5*c + 5. Let z be (-1)/(-5) + 1276/r. Suppose -6*t = -8*t + z. What is the tens digit of t?
3
Suppose -5*q + 2*w + 11879 = 94, -2*q + 4685 = 5*w. What is the units digit of q?
5
Let o(u) = 5*u**2 + 4*u + 3. Suppose 7 + 13 = f. Let y be (1 + 1)*(-30)/f. What is the tens digit of o(y)?
3
Let b(z) = z**3 - 9*z**2 + 7*z - 7. Let i be b(8). Let t be (-2)/6 + (-110)/i. Suppose 2*s - 15 = t. What is the tens digit of s?
1
Let k(t) = 28 - 12*t + 3*t**2 + 6*t + 2*t. Let m(f) = f**2 - f + 9. Let z(a) = -2*k(a) + 7*m(a). What is the units digit of z(6)?
9
Let d be (-1 + 2 - -26) + 3. Suppose -14*l = -11*l - d. What is the tens digit of (1 - 14/l)*-95?
3
Suppose j - 83 + 86 = 0, 3*z = 2*j + 4242. What is the units digit of z?
2
Suppose -7*q - 2*q + 45 = 0. Suppose q*i = 349 + 1036. What is the hundreds digit of i?
2
Suppose 5*i = -4*y - 26, i - y + 18 = -5*y. Let t = 3 - i. Suppose 2*x = -d - 2*d + 5, -t*d + 2*x + 3 = 0. What is the units digit of d?
1
Suppose -7094 = -15*w + 26476. What is the thousands digit of w?
2
Let l = 106 - -7. Let u = l + 32. What is the hundreds digit of u?
1
Suppose -5*b = -6*b + 4. Suppose k - b = 5*i, 4*i + 3 - 2 = 3*k. What is the units digit of i - -2*8/2?
7
Let z(a) = -117*a - 275. What is the tens digit of z(-4)?
9
What is the tens digit of (-38928)/(-64) - (1 + (-9)/12)?
0
Let m be 2/(-3)*(41 - (5 + -3)). Let o be (-2)/((-2)/(-231)*-3). Let c = o + m. What is the units digit of c?
1
Let w(o) = 79*o**2 - 9*o - 29. What is the units digit of w(5)?
1
Let o(q) = -57*q**2 - 2*q - 2. Let h be o(-1). What is the tens digit of (-2318)/h + 1/3?
4
Let d = 279 - 246. What is the units digit of d?
3
Let p = -288 + 1001. What is the units digit of p?
3
Let a be 13/3 - (-16)/(-12). Let o be 4 - -39 - -1*1. Suppose -46 = -a*i + o. What is the units digit of i?
0
Let m(v) be the third derivative of v**5/40 - 7*v**4/24 + v**3/2 - 5*v**2. Let k(z) be the first derivative of m(z). What is the tens digit of k(7)?
1
What is the hundreds digit of 13/(9*5/4815)?
3
What is the hundreds digit of (-19 + 0)/((-6)/(228/2))?
3
Suppose -2*w + 20 - 22 = 0, -5*w = -3*c + 8621. What is the tens digit of c?
7
Suppose 4*y - 20 = 4*d, -4*d - 30 = 2*y - 10. Suppose y*k + 5*z = 4*k - 91, 0 = z - 5. Suppose 6*q - k = -b + 2*q, 3*b - q = 35. What is the tens digit of b?
1
Let z = 260 + -33. What is the tens digit of z?
2
Suppose -2*b = 2*n - 3130, 5*b - 3*b = 2*n - 3150. What is the thousands digit of n?
1
Let k = 30 - 18. Let d = -18 + k. Let n(q) = -5*q - 7. What is the tens digit of n(d)?
2
Suppose 9*j + 44*j = 128631. What is the hundreds digit of j?
4
Let k = -17 + 23. Suppose -3*g = 4*x - 90, -2*g - k = -2. Let y = -16 + x. What is the units digit of y?
8
Let s(o) = 110*o - 70*o - 19 - 62*o. What is the tens digit of s(-6)?
1
Let n(v) = v**3 - 9*v**2 + 4*v - 17. What is the units digit of n(11)?
9
Let a = -83 + 87. Suppose 248 + 177 = 3*t + a*i, -2*t + 4*i = -270. What is the units digit of t?
9
Let a(m) = -m**2 - 4*m - 3. Let z be a(-3). Suppose 170 = 2*k - z*k. Suppose -3*t + 0*u + k = 4*u, 0 = -2*t - 4*u + 58. What is the tens digit of t?
2
Let m = -40 + 44. What is the tens digit of 3665/85 - m/34?
4
Let q(u) = -67*u + 159. What is the tens digit of q(-13)?
3
Suppose -4*v = -5*b - 1973 - 4050, 5*v + 5*b - 7585 = 0. What is the thousands digit of v?
1
Let x(r) = -19*r + 336. What is the units digit of x(-27)?
9
Let o(g) = g**3 - 12*g**2 + 15*g - 10. Let j be o(11). Suppose 0 = 6*z - 8*z - 22. Let f = j + z. What is the units digit of f?
3
Let i(g) = g**3 + 38*g**2 - 77*g + 42. What is the hundreds digit of i(-38)?
9
Let l(w) = -2*w**2 - 7*w - 4. Let t be l(-5). What is the units digit of (-17 - t)/((-4)/(-26))?
3
Let d = 19 + -16. Let i(a) = 0*a**2 - a**2 + 45 + 2*a**2 + a**d. What is the tens digit of i(0)?
4
Let g(x) = 2*x + 3. Let n be (-8)/28 + 48/(-28). Let s be g(n). What is the units digit of s/2*-2*6?
6
Let l(z) = z**2 + 6*z + 1. Let f be l(-3). Let b be (-1)/(-2) + 12/f. What is the tens digit of (b - 3)/((-6)/57)?
3
Suppose 3*j = -24*j + 21411. What is the hundreds digit of j?
7
Suppose 4*g - 4*j - 74 = -262, 157 = -3*g - j. Let i = -12 - g. What is the units digit of i?
9
Let y(t) = 17*t**3 - t + 1. Suppose 0 = 6*j - 2 - 4. What is the tens digit of y(j)?
1
Suppose 20 = 5*y + 3*x, -y - 6 = y + 4*x. Suppose -3*s + 0 + y = -5*k, 0 = 3*s - 3*k + 3. Let p = 27 - s. What is the units digit of p?
3
Let j be (3 - 3)/(-1) + 9 + -2. Suppose -160 = -j*s - 6. What is the units digit of s?
2
Suppose s - 6*s + 15 = 0. What is the units digit of ((-1)/(-4))/(s/516)?
3
Suppose -2 = 2*v + 2*l, -5*v + l = -4*l - 15. Let a(p) = 23*p. Let g be a(v). Let d = 23 + g. What is the tens digit of d?
4
Let z(s) = -87*s**3 - s**2 + 3*s + 4. What is the tens digit of z(-2)?
9
Suppose -6911 = -5*x + 3*y - 0*y, -5*x = -5*y - 6915. What is the units digit of x?
1
Suppose -20*t + 30*t = 5500. What is the hundreds digit of t?
5
Let w(n) = -14 + 46 - 18 - 2*n. What is the tens digit of w(-6)?
2
Let m(a) = -57*a**3 + 5*a**2 + 11*a + 13. What is the hundreds digit of m(-3)?
5
Let k(z) = -18*z - 4. Let g be k(-9). Suppose 2*o = 3*c - 252, -2*c + 0*o - 2*o + g = 0. What is the units digit of c?
2
Let u(n) = -2*n + 4. Let v be u(4). What is the units digit of (15/v)/(15/(-40))?
0
Let w(n) = 13*n**3 - n**2. Let s be w(1). Let f(u) = -u + 16. Let y be f(s). Suppose -y*h + 20 = -104. What is the units digit of h?
1
Suppose 16*f - 1877 = 2379. What is the units digit of f?
6
Let g = 1775 + -1033. What is the hundreds digit of g?
7
Let v = -23 - -91. Suppose -v = -t - 9*f + 4*f, 40 = t - 2*f. What is the tens digit of t?
4
What is the units digit of (0 + 1)*17/(-170)*-42010?
1
Let a(l) = -l**2 - 13*l - 9. Let q be a(-10). Let g = q - 18. Suppose g*m + 2*m = 150. What is the tens digit of m?
3
Suppose -4*k + 3*v = -6844 + 1637, -6470 = -5*k - 4*v. Suppose -3573 = -13*u - k. What is the tens digit of u?
7
Suppose -m = a, -a + 4*m = -m. Suppose a = 6*p - 7*p + 164. What is the hundreds digit of p?
1
Suppose -5*v = 5*g + 